. Does 20 divide v(n)?
True
Let y be 9339/121 + (-4)/22. Suppose 225 = 4*p + y. Is 10 a factor of p?
False
Is 7 a factor of (-2)/(-4)*(-14 - -48)?
False
Let o = -2 - 3. Let j(r) = -9*r - 5. Let v be j(o). Suppose 2*a + a - 5*l - 54 = 0, 4*a + 4*l = v. Does 13 divide a?
True
Let u(t) = -t**2 + 7*t + 1. Suppose -3*w - 3*s + 30 = 2*w, w = -2*s + 13. Let q be u(w). Suppose 3 = -2*o + q. Is 2 a factor of o?
False
Let m = 218 + -137. Let g = m - 54. Is g a multiple of 17?
False
Let d = -2 - -7. Let x be (-2)/d - 35/(-25). Does 16 divide 3 - 5 - x*-33?
False
Suppose 126*i - 286 = 124*i. Does 11 divide i?
True
Suppose 3 = -b - 10. Let r = 18 + b. Does 2 divide 3 + (r + -2 - 2)?
True
Is 3 + 9*5 + (3 - 3) a multiple of 12?
True
Let z = 10 + -6. Suppose -z*h + 72 = 12. Does 15 divide h?
True
Let d = -2 - -4. Let r(z) = 3*z**3 + z - 2. Does 18 divide r(d)?
False
Suppose l - 5*l = 16. Let j be l/14 - 60/(-14). Suppose -28 = -0*w - j*w. Does 2 divide w?
False
Let n(x) = x**3 - 5*x**2 + 3*x + 2. Let w be n(3). Let m(u) = -2*u - 10. Is m(w) a multiple of 3?
False
Let y(w) = 0*w - 4*w - w + 2. Let t be (-4)/12*(11 + -2). Does 8 divide y(t)?
False
Let p(l) = -l**2 + 18*l - 31. Does 9 divide p(10)?
False
Let l(p) = p**2 + 4*p - 4. Let b be l(-5). Suppose 0 = -2*m - 2*m - 3*g + 31, b = -m + g. Suppose 4*x = y - 7, 2*y + m*x - 32 - 6 = 0. Is y a multiple of 13?
False
Suppose 6*n = 4*n - 20. Let p = 3 - n. Does 7 divide p?
False
Let u be 27 - -1 - (1 - 3). Suppose 3*z = 4*z. Suppose 2*l + l - u = z. Is 5 a factor of l?
True
Let n(k) = k**3 + 10*k**2 + 11*k + 13. Let x be n(-9). Let s(i) = i**2 + 2*i + 7. Does 6 divide s(x)?
False
Let a(b) = b - 1. Let z be a(1). Suppose -n + 3*n - 96 = z. Is 13 a factor of 1*10*n/15?
False
Suppose -48 = -4*u + 4*c, 2*u - u - 5*c = 12. Let p(j) = j**2 + 7*j - 3. Let n be p(-7). Is ((-10)/n)/(2/u) a multiple of 10?
True
Suppose -2*b + 5*p = -4*b + 46, -50 = -3*b + 2*p. Suppose -32 = -5*g + b. Is 6 a factor of g?
False
Suppose 0 = a + 4 + 4. Let h = 11 + a. Does 2 divide h?
False
Suppose -5*w - 16 = -9*w. Suppose -3*v = -13 + w. Suppose 4*c + 20 = 0, v*q - 134 = 2*c + 2*c. Is q a multiple of 18?
False
Let j = 9 + -5. Let o(c) = 2*c**2 + c + 4. Is 20 a factor of o(j)?
True
Suppose -n - 2*j = 28, -32 = -2*n + 4*n - 4*j. Let b = 16 + n. Let d(v) = -v**3 - 6*v**2 - 2*v + 4. Does 7 divide d(b)?
False
Let t(q) = q**3 - 4*q**2 - 4*q + 4. Let h be t(5). Suppose 0 = -2*o - o + h. Suppose -o = -2*p + p. Is p even?
False
Let r(w) = w**3 - 5*w**2 + w - 4. Is r(6) a multiple of 7?
False
Suppose f = -3*n + 6*f + 64, 2*f - 92 = -3*n. Does 7 divide n?
True
Let q = 13 - 25. Let f = -6 - q. Does 6 divide f?
True
Suppose 4*q - 5*h - 831 = 0, q - 1035 = -4*q + 5*h. Is q a multiple of 14?
False
Suppose -8 = -p - p. Let d = 9 - 4. Suppose -h = 4*f - 81, 40 = p*f - d*h - 59. Does 10 divide f?
False
Suppose 5*i + 2*g = 50, 4*i - 5*g = -i + 15. Is i a multiple of 8?
True
Let q(n) = 17*n**3 + n**2 - 1. Let i = 2 + -1. Let l be q(i). Let s = l - 12. Does 3 divide s?
False
Suppose 0*w = 3*w - 195. Suppose -5*o + 0 + w = 0. Is 8 a factor of o?
False
Suppose 6*b + 2*x + 26 = 4*b, -4*b + 4*x - 68 = 0. Does 6 divide (-84)/b - (-4)/10?
True
Suppose -z - 20 = -5*z. Let k = 3 - z. Let h = k - -7. Is h a multiple of 2?
False
Let u be -2*(1 + 7/(-2)). Let n(f) = f**3 - 6*f**2 - 7*f - 1. Let d be n(7). Let q = u - d. Is 4 a factor of q?
False
Let b be (-2)/(-3)*(10 - -152). Suppose -b = -2*t - 3*t - 2*z, -40 = -t - 5*z. Is t a multiple of 20?
True
Let m = -8 + 17. Suppose m*x + 42 = 12*x. Is 9 a factor of x?
False
Suppose 5*g + 143 + 37 = 0. Let q = g + 97. Is 27 a factor of q?
False
Let n = 7 - 7. Suppose 0 = -n*m + m - 26. Does 12 divide m?
False
Suppose d = -k + 6 + 3, -3*d + 32 = 4*k. Does 3 divide k?
False
Suppose 3*p + u = -68, u + 3*u = -5*p - 118. Let b = p - 5. Let t = b + 62. Is t a multiple of 13?
False
Suppose 0 = 2*y - 4*m - 7 - 17, 2*m + 18 = 4*y. Suppose 6 = 2*p - y. Suppose 4*x + 56 = 3*l + 12, -5*l - p*x + 20 = 0. Is l a multiple of 4?
True
Let p(s) = s**2 - s. Let a be p(2). Suppose -4 = -a*u + 6. Suppose -4*f + 0*y + 21 = y, 5*f - u*y = 20. Is 2 a factor of f?
False
Let b(z) = 206*z**3 - z**2 + 1. Is b(1) a multiple of 12?
False
Let m = -56 + 106. Let n = -124 + 122. Is m + (n - 0) - -2 a multiple of 25?
True
Let j(p) = 6*p**2 - 2*p + 2. Does 11 divide j(2)?
True
Suppose 3*i - 7 - 236 = 0. Is i a multiple of 21?
False
Let g = -65 + 200. Is 15 a factor of g?
True
Suppose 0*w + 5*k - 13 = 2*w, 37 = 2*w + 5*k. Suppose 0 = w*g - 5*g + 50. Is (g/8)/(-5)*12 a multiple of 9?
False
Suppose 3*f - 186 + 24 = 0. Is f a multiple of 27?
True
Let f(q) = -q**2 - 7*q + 1. Let v be f(-4). Let d = 22 - v. Suppose 3*t = -0*t + d. Is t a multiple of 3?
True
Suppose -52 = -w + 5*u, -6*w + 2*w - 2*u + 142 = 0. Does 15 divide w?
False
Let d(v) be the second derivative of -v**4/12 + 11*v**3/6 - 3*v. Is d(6) a multiple of 15?
True
Suppose 0 = -6*q + q - 390. Let i = q + 168. Is 24 a factor of (-28)/(-3)*i/35?
True
Suppose -3*b + 4*a + 96 = 0, -5*a + a - 24 = -b. Is b a multiple of 12?
True
Suppose 146 = 5*z - 3*o, 112 = 4*z - o - 3*o. Is z a multiple of 31?
True
Let v = -4 + 4. Suppose 20 = -3*k - 5*h, -4*k + 5*h = -2 - 18. Suppose -2*u + v*u + 22 = k. Is 4 a factor of u?
False
Suppose -4*o = -t - 65, -2*t + 54 = 3*o - t. Is 3 a factor of o?
False
Let o = 51 - 9. Suppose -4*k + 3*p + 52 = 0, 0 = 3*k - 6*k + 3*p + o. Is k a multiple of 5?
True
Suppose -6*g = -4*g. Suppose -k - 6 + 42 = -5*c, g = -3*k + c + 52. Is k a multiple of 8?
True
Suppose -9 = -d + 30. Suppose 4*k - k - d = 0. Is 13 a factor of k?
True
Let o = 17 - 9. Let w be (2 - 1) + -6 - -3. Let k = w + o. Does 4 divide k?
False
Suppose -z - 35 = -3*r - 0, -z - 51 = 5*r. Let s = -12 - z. Is s a multiple of 17?
False
Suppose o + 3*b = 5*b + 5, -b = 2*o - 20. Is o a multiple of 3?
True
Does 15 divide 2/(-4) + (-1183)/(-26)?
True
Suppose -5*v - 3*q = -209, 2*v + 39 = 3*v + 2*q. Does 21 divide v?
False
Suppose 0 = -5*r + 3*k + 55 + 74, 4*k = -12. Does 4 divide r?
True
Let l = 100 + -50. Is l a multiple of 25?
True
Let j(w) = 5*w - 8. Is j(6) a multiple of 11?
True
Suppose 3*z - 12 = 3. Does 3 divide z?
False
Let a(g) = g**2 - 2*g. Suppose -4*c + 3 - 2 = 3*q, 5*q + 4*c = 7. Let d be a(q). Suppose -2*h = d*h - 100. Is h a multiple of 10?
True
Let i(r) = -r + 5. Let o be i(3). Suppose o*g = -4*l, 3*g - g - 4*l = 0. Is 10 a factor of (3 + (g - 4))*-15?
False
Is 4 a factor of 1/((16/4)/4)*16?
True
Let b(m) = -4*m**3 - 5*m**2 - 7*m. Let w(q) = -1 + 0 + 10*q**2 + 2 + 13*q + 7*q**3. Let t(d) = -5*b(d) - 3*w(d). Is 17 a factor of t(-5)?
True
Let q = 76 + -45. Is 3 a factor of q?
False
Suppose 2*g - 87 = 139. Is 34 a factor of g?
False
Is 13 a factor of (-407)/(-15) - 4/30?
False
Let s(q) = 3*q**2 - 3*q - 8. Is 4 a factor of s(-2)?
False
Suppose 31 = 4*z + 3*v, 5*z + 0*v = -3*v + 41. Does 2 divide z?
True
Suppose 5 = -2*o + 21. Does 5 divide o?
False
Let c(m) = -m**3 + 5*m**2 + m + 16. Is c(5) a multiple of 21?
True
Let n(u) = u**3 - 2*u**2. Let z be n(2). Is z - (0 + (-344)/4) a multiple of 27?
False
Suppose -5*i - 748 = -i. Does 7 divide i/(-9) + 2/9?
True
Does 16 divide (-822)/(-14) - (-32)/112?
False
Suppose r - 4 = 90. Does 24 divide r?
False
Let x = -59 - -126. Is x a multiple of 7?
False
Suppose 5*l - 11 = 169. Let t = -6 + l. Suppose -2*q + 8 + t = 0. Does 18 divide q?
False
Let j = -4 - -37. Suppose -2*d + 6 + 4 = 0, -d - 67 = -4*s. Let q = j - s. Is q a multiple of 13?
False
Let g = 43 - -57. Suppose -10*t = -12*t + g. Does 11 divide t?
False
Suppose 3*r - 6*z - 148 = -5*z, 0 = -3*r - 3*z + 168. Is r a multiple of 4?
False
Let z be (-2)/(-2)*27/1. Suppose -a - 4*k - 12 = -1, a = 4*k - z. Let o = -7 - a. Is 6 a factor of o?
True
Let y(q) = 290*q. Is y(1) a multiple of 10?
True
Suppose 0 = -5*k - 8 - 2, 0 = 5*q - 3*k - 276. Let u = q + -20. Is u a multiple of 11?
False
Let z be 6/14 + (-67)/(-7). Let p = z - 9. Let k(w) = 9*w**2 - w. Is k(p) a multiple of 8?
True
Let j = -4 + -1. Let a(u) = 3*u**3 + 10*u**2 + 4*u - 5. Let g(x) = 4*x**3 + 11*x**2 + 4*x - 4. Let r(s) = 3*a(s) - 2*g(s). Is r(j) a multiple of 24?
True
Is (4 + 6 + -4)*(-38)/(-6) a multiple of 9?
False
Let b(i) be the first derivative of i**4/4 - 4*i**3/3 + i